[INFO] fetching crate solana-ownable 1.2.27...
[INFO] checking solana-ownable-1.2.27 against master#af3c6e733a40e671550e0f0f5aeecaa13772ba56 for pr-74989
[INFO] extracting crate solana-ownable 1.2.27 into /workspace/builds/worker-6/source
[INFO] validating manifest of crates.io crate solana-ownable 1.2.27 on toolchain af3c6e733a40e671550e0f0f5aeecaa13772ba56
[INFO] running `Command { std: "/workspace/cargo-home/bin/cargo" "+af3c6e733a40e671550e0f0f5aeecaa13772ba56" "read-manifest" "--manifest-path" "Cargo.toml", kill_on_drop: false }`
[INFO] started tweaking crates.io crate solana-ownable 1.2.27
[INFO] finished tweaking crates.io crate solana-ownable 1.2.27
[INFO] tweaked toml for crates.io crate solana-ownable 1.2.27 written to /workspace/builds/worker-6/source/Cargo.toml
[INFO] running `Command { std: "/workspace/cargo-home/bin/cargo" "+af3c6e733a40e671550e0f0f5aeecaa13772ba56" "generate-lockfile" "--manifest-path" "Cargo.toml" "-Zno-index-update", kill_on_drop: false }`
[INFO] running `Command { std: "/workspace/cargo-home/bin/cargo" "+af3c6e733a40e671550e0f0f5aeecaa13772ba56" "fetch" "--locked" "--manifest-path" "Cargo.toml", kill_on_drop: false }`
[INFO] running `Command { std: "docker" "create" "-v" "/var/lib/crater-agent-workspace/builds/worker-6/target:/opt/rustwide/target:rw,Z" "-v" "/var/lib/crater-agent-workspace/builds/worker-6/source:/opt/rustwide/workdir:ro,Z" "-v" "/var/lib/crater-agent-workspace/cargo-home:/opt/rustwide/cargo-home:ro,Z" "-v" "/var/lib/crater-agent-workspace/rustup-home:/opt/rustwide/rustup-home:ro,Z" "-e" "SOURCE_DIR=/opt/rustwide/workdir" "-e" "CARGO_TARGET_DIR=/opt/rustwide/target" "-e" "CARGO_HOME=/opt/rustwide/cargo-home" "-e" "RUSTUP_HOME=/opt/rustwide/rustup-home" "-w" "/opt/rustwide/workdir" "-m" "1610612736" "--user" "0:0" "--network" "none" "rustops/crates-build-env@sha256:d92eaeed33fa75130ca1ee6c8a01d1ffb62bac859dfdfb3450e3e5d1c0146529" "/opt/rustwide/cargo-home/bin/cargo" "+af3c6e733a40e671550e0f0f5aeecaa13772ba56" "metadata" "--no-deps" "--format-version=1", kill_on_drop: false }`
[INFO] [stderr] WARNING: Your kernel does not support swap limit capabilities or the cgroup is not mounted. Memory limited without swap.
[INFO] [stdout] 755af6c589b8db4b27002d4ae423d76b37724288a243250096d1e1d8aeb6abd3
[INFO] running `Command { std: "docker" "start" "-a" "755af6c589b8db4b27002d4ae423d76b37724288a243250096d1e1d8aeb6abd3", kill_on_drop: false }`
[INFO] running `Command { std: "docker" "inspect" "755af6c589b8db4b27002d4ae423d76b37724288a243250096d1e1d8aeb6abd3", kill_on_drop: false }`
[INFO] running `Command { std: "docker" "rm" "-f" "755af6c589b8db4b27002d4ae423d76b37724288a243250096d1e1d8aeb6abd3", kill_on_drop: false }`
[INFO] [stdout] 755af6c589b8db4b27002d4ae423d76b37724288a243250096d1e1d8aeb6abd3
[INFO] running `Command { std: "docker" "create" "-v" "/var/lib/crater-agent-workspace/builds/worker-6/target:/opt/rustwide/target:rw,Z" "-v" "/var/lib/crater-agent-workspace/builds/worker-6/source:/opt/rustwide/workdir:ro,Z" "-v" "/var/lib/crater-agent-workspace/cargo-home:/opt/rustwide/cargo-home:ro,Z" "-v" "/var/lib/crater-agent-workspace/rustup-home:/opt/rustwide/rustup-home:ro,Z" "-e" "SOURCE_DIR=/opt/rustwide/workdir" "-e" "CARGO_TARGET_DIR=/opt/rustwide/target" "-e" "CARGO_INCREMENTAL=0" "-e" "RUST_BACKTRACE=full" "-e" "RUSTFLAGS=--cap-lints=forbid" "-e" "CARGO_HOME=/opt/rustwide/cargo-home" "-e" "RUSTUP_HOME=/opt/rustwide/rustup-home" "-w" "/opt/rustwide/workdir" "-m" "1610612736" "--user" "0:0" "--network" "none" "rustops/crates-build-env@sha256:d92eaeed33fa75130ca1ee6c8a01d1ffb62bac859dfdfb3450e3e5d1c0146529" "/opt/rustwide/cargo-home/bin/cargo" "+af3c6e733a40e671550e0f0f5aeecaa13772ba56" "check" "--frozen" "--all" "--all-targets" "--message-format=json", kill_on_drop: false }`
[INFO] [stderr] WARNING: Your kernel does not support swap limit capabilities or the cgroup is not mounted. Memory limited without swap.
[INFO] [stdout] 02d01bb1684464dc528c24c790c9ea035b1843c6ea9fec20702956a28dc6cb5d
[INFO] running `Command { std: "docker" "start" "-a" "02d01bb1684464dc528c24c790c9ea035b1843c6ea9fec20702956a28dc6cb5d", kill_on_drop: false }`
[INFO] [stderr]     Checking cfg-if v0.1.10
[INFO] [stderr]    Compiling autocfg v1.0.1
[INFO] [stderr]    Compiling unicode-xid v0.2.1
[INFO] [stderr]     Checking spin v0.5.2
[INFO] [stderr]    Compiling log v0.4.11
[INFO] [stderr]    Compiling semver-parser v0.7.0
[INFO] [stderr]     Checking slab v0.4.2
[INFO] [stderr]    Compiling maybe-uninit v2.0.0
[INFO] [stderr]    Compiling byteorder v1.3.4
[INFO] [stderr]     Checking fnv v1.0.7
[INFO] [stderr]    Compiling typenum v1.12.0
[INFO] [stderr]    Compiling version_check v0.9.2
[INFO] [stderr]    Compiling memchr v2.3.3
[INFO] [stderr]     Checking scopeguard v1.1.0
[INFO] [stderr]     Checking futures v0.1.29
[INFO] [stderr]     Checking either v1.6.0
[INFO] [stderr]     Checking bytes v0.5.6
[INFO] [stderr]    Compiling proc-macro-hack v0.5.18
[INFO] [stderr]     Checking futures-core v0.3.5
[INFO] [stderr]     Checking itoa v0.4.6
[INFO] [stderr]     Checking untrusted v0.7.1
[INFO] [stderr]    Compiling pin-project-internal v0.4.23
[INFO] [stderr]    Compiling proc-macro-nested v0.1.6
[INFO] [stderr]     Checking pin-project-lite v0.1.7
[INFO] [stderr]     Checking tinyvec v0.3.4
[INFO] [stderr]    Compiling httparse v1.3.4
[INFO] [stderr]     Checking futures-io v0.3.5
[INFO] [stderr]     Checking matches v0.1.8
[INFO] [stderr]     Checking futures-sink v0.3.5
[INFO] [stderr]     Checking pin-utils v0.1.0
[INFO] [stderr]     Checking base64 v0.12.3
[INFO] [stderr]     Checking byte-tools v0.3.1
[INFO] [stderr]     Checking adler v0.2.3
[INFO] [stderr]     Checking try-lock v0.2.3
[INFO] [stderr]    Compiling proc-macro2 v0.4.30
[INFO] [stderr]    Compiling ryu v1.0.5
[INFO] [stderr]     Checking ppv-lite86 v0.2.9
[INFO] [stderr]     Checking percent-encoding v2.1.0
[INFO] [stderr]     Checking unicode-xid v0.1.0
[INFO] [stderr]    Compiling failure_derive v0.1.8
[INFO] [stderr]     Checking gimli v0.22.0
[INFO] [stderr]     Checking regex-syntax v0.6.18
[INFO] [stderr]     Checking tower-service v0.3.0
[INFO] [stderr]    Compiling encoding_rs v0.8.24
[INFO] [stderr]    Compiling serde_json v1.0.57
[INFO] [stderr]     Checking subtle v1.0.0
[INFO] [stderr]     Checking dtoa v0.4.6
[INFO] [stderr]    Compiling syn v0.15.44
[INFO] [stderr]     Checking signature v1.2.2
[INFO] [stderr]     Checking rustc-demangle v0.1.16
[INFO] [stderr]     Checking quick-error v1.2.3
[INFO] [stderr]     Checking opaque-debug v0.2.3
[INFO] [stderr]     Checking mime v0.3.16
[INFO] [stderr]     Checking fake-simd v0.1.2
[INFO] [stderr]     Checking object v0.20.0
[INFO] [stderr]    Compiling feature-probe v0.1.1
[INFO] [stderr]    Compiling rustversion v1.0.3
[INFO] [stderr]     Checking termcolor v1.1.0
[INFO] [stderr]     Checking ipnet v2.3.0
[INFO] [stderr]    Compiling bs58 v0.3.1
[INFO] [stderr]     Checking hex v0.4.2
[INFO] [stderr]     Checking assert_matches v1.3.0
[INFO] [stderr]    Compiling fs_extra v1.2.0
[INFO] [stderr]    Compiling glob v0.3.0
[INFO] [stderr]    Compiling rayon-core v1.8.0
[INFO] [stderr]    Compiling pkg-config v0.3.18
[INFO] [stderr]    Compiling crc32fast v1.2.0
[INFO] [stderr]     Checking same-file v1.0.6
[INFO] [stderr]    Compiling libloading v0.6.3
[INFO] [stderr]     Checking arrayref v0.3.6
[INFO] [stderr]     Checking symlink v0.1.0
[INFO] [stderr]     Checking lock_api v0.3.4
[INFO] [stderr]     Checking lazy_static v1.4.0
[INFO] [stderr]     Checking futures-channel v0.3.5
[INFO] [stderr]    Compiling semver v0.9.0
[INFO] [stderr]     Checking itertools v0.9.0
[INFO] [stderr]     Checking unicode-bidi v0.3.4
[INFO] [stderr]     Checking block-padding v0.1.5
[INFO] [stderr]     Checking miniz_oxide v0.4.1
[INFO] [stderr]     Checking unicode-normalization v0.1.13
[INFO] [stderr]    Compiling unicase v2.6.0
[INFO] [stderr]    Compiling generic-array v0.14.4
[INFO] [stderr]     Checking http v0.2.1
[INFO] [stderr]    Compiling crossbeam-utils v0.7.2
[INFO] [stderr]    Compiling memoffset v0.5.5
[INFO] [stderr]    Compiling crossbeam-epoch v0.8.2
[INFO] [stderr]    Compiling indexmap v1.6.0
[INFO] [stderr]    Compiling num-traits v0.2.12
[INFO] [stderr]    Compiling num-integer v0.1.43
[INFO] [stderr]    Compiling rayon v1.4.0
[INFO] [stderr]     Checking humantime v1.3.0
[INFO] [stderr]    Compiling bv v0.11.1
[INFO] [stderr]     Checking walkdir v2.3.1
[INFO] [stderr]    Compiling proc-macro2 v1.0.21
[INFO] [stderr]     Checking tracing-core v0.1.16
[INFO] [stderr]     Checking thread_local v1.0.1
[INFO] [stderr]    Compiling paste-impl v0.1.18
[INFO] [stderr]     Checking tokio-sync v0.1.8
[INFO] [stderr]    Compiling rustc_version v0.2.3
[INFO] [stderr]     Checking net2 v0.2.35
[INFO] [stderr]     Checking getrandom v0.1.15
[INFO] [stderr]     Checking socket2 v0.3.15
[INFO] [stderr]     Checking filetime v0.2.12
[INFO] [stderr]     Checking dir-diff v0.3.2
[INFO] [stderr]     Checking aho-corasick v0.7.13
[INFO] [stderr]     Checking smallvec v0.6.13
[INFO] [stderr]     Checking idna v0.2.0
[INFO] [stderr]     Checking tracing v0.1.19
[INFO] [stderr]     Checking want v0.3.0
[INFO] [stderr]     Checking quote v1.0.7
[INFO] [stderr]     Checking solana-rayon-threadlimit v1.3.9
[INFO] [stderr]     Checking bytes v0.4.12
[INFO] [stderr]    Compiling parking_lot_core v0.6.2
[INFO] [stderr]    Compiling parking_lot v0.9.0
[INFO] [stderr]    Compiling solana-sdk-macro-frozen-abi v1.3.9
[INFO] [stderr]    Compiling solana-sdk v1.3.9
[INFO] [stderr]    Compiling solana-vote-program v1.3.9
[INFO] [stderr]    Compiling solana-stake-program v1.3.9
[INFO] [stderr]    Compiling solana-runtime v1.3.9
[INFO] [stderr]     Checking mio v0.6.22
[INFO] [stderr]     Checking rand_core v0.5.1
[INFO] [stderr]     Checking tar v0.4.30
[INFO] [stderr]     Checking quote v0.6.13
[INFO] [stderr]     Checking paste v0.1.18
[INFO] [stderr]     Checking flate2 v1.0.17
[INFO] [stderr]     Checking addr2line v0.13.0
[INFO] [stderr]     Checking syn v1.0.40
[INFO] [stderr]    Compiling mime_guess v2.0.3
[INFO] [stderr]     Checking http-body v0.3.1
[INFO] [stderr]     Checking generic-array v0.12.3
[INFO] [stderr]     Checking tokio-executor v0.1.10
[INFO] [stderr]     Checking crossbeam-queue v0.2.3
[INFO] [stderr]     Checking crossbeam-channel v0.4.4
[INFO] [stderr]    Compiling jemalloc-sys v0.3.2
[INFO] [stderr]    Compiling zstd-sys v1.4.17+zstd.1.4.5
[INFO] [stderr]    Compiling bzip2-sys v0.1.9+1.0.8
[INFO] [stderr]     Checking url v2.1.1
[INFO] [stderr]     Checking tokio-io v0.1.13
[INFO] [stderr]     Checking regex v1.3.9
[INFO] [stderr]     Checking rand_chacha v0.2.2
[INFO] [stderr]     Checking tokio-timer v0.2.13
[INFO] [stderr]     Checking tokio-current-thread v0.1.7
[INFO] [stderr]     Checking crossbeam-deque v0.7.3
[INFO] [stderr]     Checking digest v0.8.1
[INFO] [stderr]     Checking block-buffer v0.7.3
[INFO] [stderr]     Checking crypto-mac v0.7.0
[INFO] [stderr]     Checking tokio v0.2.22
[INFO] [stderr]     Checking mio-uds v0.6.8
[INFO] [stderr]     Checking rand v0.7.3
[INFO] [stderr]     Checking ring v0.16.12
[INFO] [stderr]     Checking tokio-codec v0.1.2
[INFO] [stderr]     Checking sha2 v0.8.2
[INFO] [stderr]     Checking pbkdf2 v0.3.0
[INFO] [stderr]     Checking hmac v0.7.1
[INFO] [stderr]     Checking tokio-threadpool v0.1.18
[INFO] [stderr]     Checking tokio-reactor v0.1.12
[INFO] [stderr]     Checking env_logger v0.7.1
[INFO] [stderr]     Checking tokio-fs v0.1.7
[INFO] [stderr]     Checking tokio-tcp v0.1.4
[INFO] [stderr]     Checking tokio-udp v0.1.6
[INFO] [stderr]     Checking tokio-uds v0.2.7
[INFO] [stderr]     Checking solana-logger v1.3.9
[INFO] [stderr]     Checking bzip2 v0.3.3
[INFO] [stderr]     Checking tempfile v3.1.0
[INFO] [stderr]     Checking tokio v0.1.22
[INFO] [stderr]     Checking webpki v0.21.2
[INFO] [stderr]     Checking sct v0.6.0
[INFO] [stderr]     Checking webpki-roots v0.19.0
[INFO] [stderr]     Checking rustls v0.18.1
[INFO] [stderr]     Checking tokio-util v0.3.1
[INFO] [stderr]     Checking tokio-rustls v0.14.1
[INFO] [stderr]    Compiling synstructure v0.12.4
[INFO] [stderr]    Compiling serde_derive v1.0.116
[INFO] [stderr]    Compiling futures-macro v0.3.5
[INFO] [stderr]    Compiling zeroize_derive v1.0.0
[INFO] [stderr]    Compiling thiserror-impl v1.0.20
[INFO] [stderr]    Compiling num-derive v0.3.2
[INFO] [stderr]     Checking zeroize v1.1.0
[INFO] [stderr]     Checking curve25519-dalek v2.1.0
[INFO] [stderr]    Compiling solana-sdk-macro v1.3.9
[INFO] [stderr] error: failed to run custom build command for `jemalloc-sys v0.3.2`
[INFO] [stderr] 
[INFO] [stderr] Caused by:
[INFO] [stderr]   process didn't exit successfully: `/opt/rustwide/target/debug/build/jemalloc-sys-bd9353daeef65b9c/build-script-build` (exit code: 101)
[INFO] [stderr]   --- stdout
[INFO] [stderr]   TARGET=x86_64-unknown-linux-gnu
[INFO] [stderr]   HOST=x86_64-unknown-linux-gnu
[INFO] [stderr]   NUM_JOBS=14
[INFO] [stderr]   OUT_DIR="/opt/rustwide/target/debug/build/jemalloc-sys-ecc7f315cfc7e95a/out"
[INFO] [stderr]   BUILD_DIR="/opt/rustwide/target/debug/build/jemalloc-sys-ecc7f315cfc7e95a/out/build"
[INFO] [stderr]   SRC_DIR="/opt/rustwide/cargo-home/registry/src/github.com-1ecc6299db9ec823/jemalloc-sys-0.3.2"
[INFO] [stderr]   OPT_LEVEL = Some("0")
[INFO] [stderr]   TARGET = Some("x86_64-unknown-linux-gnu")
[INFO] [stderr]   HOST = Some("x86_64-unknown-linux-gnu")
[INFO] [stderr]   CC_x86_64-unknown-linux-gnu = None
[INFO] [stderr]   CC_x86_64_unknown_linux_gnu = None
[INFO] [stderr]   HOST_CC = None
[INFO] [stderr]   CC = None
[INFO] [stderr]   CFLAGS_x86_64-unknown-linux-gnu = None
[INFO] [stderr]   CFLAGS_x86_64_unknown_linux_gnu = None
[INFO] [stderr]   HOST_CFLAGS = None
[INFO] [stderr]   CFLAGS = None
[INFO] [stderr]   CRATE_CC_NO_DEFAULTS = None
[INFO] [stderr]   DEBUG = Some("true")
[INFO] [stderr]   CARGO_CFG_TARGET_FEATURE = Some("fxsr,mmx,sse,sse2")
[INFO] [stderr]   CC="cc"
[INFO] [stderr]   CFLAGS="-O0 -ffunction-sections -fdata-sections -fPIC -g -fno-omit-frame-pointer -m64 -Wall"
[INFO] [stderr]   JEMALLOC_REPO_DIR="jemalloc"
[INFO] [stderr]   JEMALLOC_SRC_DIR="/opt/rustwide/target/debug/build/jemalloc-sys-ecc7f315cfc7e95a/out/jemalloc"
[INFO] [stderr]   cargo:rustc-cfg=prefixed
[INFO] [stderr]   --with-jemalloc-prefix=_rjem_
[INFO] [stderr]   running: "sh" "/opt/rustwide/target/debug/build/jemalloc-sys-ecc7f315cfc7e95a/out/jemalloc/configure" "--disable-cxx" "--with-jemalloc-prefix=_rjem_" "--with-private-namespace=_rjem_" "--host=x86_64-unknown-linux-gnu" "--build=x86_64-unknown-linux-gnu" "--prefix=/opt/rustwide/target/debug/build/jemalloc-sys-ecc7f315cfc7e95a/out"
[INFO] [stderr]   checking for xsltproc... false
[INFO] [stderr]   checking for x86_64-unknown-linux-gnu-gcc... cc
[INFO] [stderr]   checking whether the C compiler works... yes
[INFO] [stderr]   checking for C compiler default output file name... a.out
[INFO] [stderr]   checking for suffix of executables... 
[INFO] [stderr]   checking whether we are cross compiling... no
[INFO] [stderr]   checking for suffix of object files... o
[INFO] [stderr]   checking whether we are using the GNU C compiler... yes
[INFO] [stderr]   checking whether cc accepts -g... yes
[INFO] [stderr]   checking for cc option to accept ISO C89... none needed
[INFO] [stderr]   checking whether compiler is cray... no
[INFO] [stderr]   checking whether compiler supports -std=gnu11... yes
[INFO] [stderr]   checking whether compiler supports -Wall... yes
[INFO] [stderr]   checking whether compiler supports -Wshorten-64-to-32... no
[INFO] [stderr]   checking whether compiler supports -Wsign-compare... yes
[INFO] [stderr]   checking whether compiler supports -Wundef... yes
[INFO] [stderr]   checking whether compiler supports -Wno-format-zero-length... yes
[INFO] [stderr]   checking whether compiler supports -pipe... yes
[INFO] [stderr]   checking whether compiler supports -g3... yes
[INFO] [stderr]   checking how to run the C preprocessor... cc -E
[INFO] [stderr]   checking for grep that handles long lines and -e... /usr/bin/grep
[INFO] [stderr]   checking for egrep... /usr/bin/grep -E
[INFO] [stderr]   checking for ANSI C header files... yes
[INFO] [stderr]   checking for sys/types.h... yes
[INFO] [stderr]   checking for sys/stat.h... yes
[INFO] [stderr]   checking for stdlib.h... yes
[INFO] [stderr]   checking for string.h... yes
[INFO] [stderr]   checking for memory.h... yes
[INFO] [stderr]   checking for strings.h... yes
[INFO] [stderr]   checking for inttypes.h... yes
[INFO] [stderr]   checking for stdint.h... yes
[INFO] [stderr]   checking for unistd.h... yes
[INFO] [stderr]   checking whether byte ordering is bigendian... no
[INFO] [stderr]   checking size of void *... 8
[INFO] [stderr]   checking size of int... 4
[INFO] [stderr]   checking size of long... 8
[INFO] [stderr]   checking size of long long... 8
[INFO] [stderr]   checking size of intmax_t... 8
[INFO] [stderr]   checking build system type... x86_64-unknown-linux-gnu
[INFO] [stderr]   checking host system type... x86_64-unknown-linux-gnu
[INFO] [stderr]   checking whether pause instruction is compilable... yes
[INFO] [stderr]   checking number of significant virtual address bits... 48
[INFO] [stderr]   checking for x86_64-unknown-linux-gnu-ar... no
[INFO] [stderr]   checking for ar... ar
[INFO] [stderr]   checking for x86_64-unknown-linux-gnu-nm... no
[INFO] [stderr]   checking for nm... nm
[INFO] [stderr]   checking for gawk... no
[INFO] [stderr]   checking for mawk... mawk
[INFO] [stderr]   checking malloc.h usability... yes
[INFO] [stderr]   checking malloc.h presence... yes
[INFO] [stderr]   checking for malloc.h... yes
[INFO] [stderr]   checking whether malloc_usable_size definition can use const argument... no
[INFO] [stderr]   checking for library containing log... -lm
[INFO] [stderr]   checking whether __attribute__ syntax is compilable... yes
[INFO] [stderr]   checking whether compiler supports -fvisibility=hidden... yes
[INFO] [stderr]   checking whether compiler supports -fvisibility=hidden... no
[INFO] [stderr]   checking whether compiler supports -Werror... yes
[INFO] [stderr]   checking whether compiler supports -herror_on_warning... no
[INFO] [stderr]   checking whether tls_model attribute is compilable... yes
[INFO] [stderr]   checking whether compiler supports -Werror... yes
[INFO] [stderr]   checking whether compiler supports -herror_on_warning... no
[INFO] [stderr]   checking whether alloc_size attribute is compilable... yes
[INFO] [stderr]   checking whether compiler supports -Werror... yes
[INFO] [stderr]   checking whether compiler supports -herror_on_warning... no
[INFO] [stderr]   checking whether format(gnu_printf, ...) attribute is compilable... yes
[INFO] [stderr]   checking whether compiler supports -Werror... yes
[INFO] [stderr]   checking whether compiler supports -herror_on_warning... no
[INFO] [stderr]   checking whether format(printf, ...) attribute is compilable... yes
[INFO] [stderr]   checking for a BSD-compatible install... /usr/bin/install -c
[INFO] [stderr]   checking for x86_64-unknown-linux-gnu-ranlib... no
[INFO] [stderr]   checking for ranlib... ranlib
[INFO] [stderr]   checking for ld... /usr/bin/ld
[INFO] [stderr]   checking for autoconf... /usr/bin/autoconf
[INFO] [stderr]   checking for memalign... yes
[INFO] [stderr]   checking for valloc... yes
[INFO] [stderr]   checking whether compiler supports -O3... yes
[INFO] [stderr]   checking whether compiler supports -O3... no
[INFO] [stderr]   checking whether compiler supports -funroll-loops... yes
[INFO] [stderr]   checking configured backtracing method... N/A
[INFO] [stderr]   checking for sbrk... yes
[INFO] [stderr]   checking whether utrace(2) is compilable... no
[INFO] [stderr]   checking whether a program using __builtin_unreachable is compilable... yes
[INFO] [stderr]   checking whether a program using __builtin_ffsl is compilable... yes
[INFO] [stderr]   checking LG_PAGE... 12
[INFO] [stderr]   checking pthread.h usability... yes
[INFO] [stderr]   checking pthread.h presence... yes
[INFO] [stderr]   checking for pthread.h... yes
[INFO] [stderr]   checking for pthread_create in -lpthread... yes
[INFO] [stderr]   checking dlfcn.h usability... yes
[INFO] [stderr]   checking dlfcn.h presence... yes
[INFO] [stderr]   checking for dlfcn.h... yes
[INFO] [stderr]   checking for dlsym... no
[INFO] [stderr]   checking for dlsym in -ldl... yes
[INFO] [stderr]   checking whether pthread_atfork(3) is compilable... yes
[INFO] [stderr]   checking whether pthread_setname_np(3) is compilable... yes
[INFO] [stderr]   checking for library containing clock_gettime... none required
[INFO] [stderr]   checking whether clock_gettime(CLOCK_MONOTONIC_COARSE, ...) is compilable... yes
[INFO] [stderr]   checking whether clock_gettime(CLOCK_MONOTONIC, ...) is compilable... yes
[INFO] [stderr]   checking whether mach_absolute_time() is compilable... no
[INFO] [stderr]   checking whether compiler supports -Werror... yes
[INFO] [stderr]   checking whether syscall(2) is compilable... yes
[INFO] [stderr]   checking for secure_getenv... yes
[INFO] [stderr]   checking for sched_getcpu... yes
[INFO] [stderr]   checking for sched_setaffinity... yes
[INFO] [stderr]   checking for issetugid... no
[INFO] [stderr]   checking for _malloc_thread_cleanup... no
[INFO] [stderr]   checking for _pthread_mutex_init_calloc_cb... no
[INFO] [stderr]   checking for TLS... yes
[INFO] [stderr]   checking whether C11 atomics is compilable... yes
[INFO] [stderr]   checking whether GCC __atomic atomics is compilable... yes
[INFO] [stderr]   checking whether GCC __sync atomics is compilable... yes
[INFO] [stderr]   checking whether Darwin OSAtomic*() is compilable... no
[INFO] [stderr]   checking whether madvise(2) is compilable... yes
[INFO] [stderr]   checking whether madvise(..., MADV_FREE) is compilable... yes
[INFO] [stderr]   checking whether madvise(..., MADV_DONTNEED) is compilable... yes
[INFO] [stderr]   checking whether madvise(..., MADV_DO[NT]DUMP) is compilable... yes
[INFO] [stderr]   checking whether madvise(..., MADV_[NO]HUGEPAGE) is compilable... yes
[INFO] [stderr]   checking whether to force 32-bit __sync_{add,sub}_and_fetch()... no
[INFO] [stderr]   checking whether to force 64-bit __sync_{add,sub}_and_fetch()... no
[INFO] [stderr]   checking for __builtin_clz... yes
[INFO] [stderr]   checking whether Darwin os_unfair_lock_*() is compilable... no
[INFO] [stderr]   checking whether Darwin OSSpin*() is compilable... no
[INFO] [stderr]   checking whether glibc malloc hook is compilable... yes
[INFO] [stderr]   checking whether glibc memalign hook is compilable... yes
[INFO] [stderr]   checking whether pthreads adaptive mutexes is compilable... yes
[INFO] [stderr]   checking whether compiler supports -D_GNU_SOURCE... yes
[INFO] [stderr]   checking whether compiler supports -Werror... yes
[INFO] [stderr]   checking whether compiler supports -herror_on_warning... no
[INFO] [stderr]   checking whether strerror_r returns char with gnu source is compilable... yes
[INFO] [stderr]   checking for stdbool.h that conforms to C99... yes
[INFO] [stderr]   checking for _Bool... yes
[INFO] [stderr]   configure: creating ./config.status
[INFO] [stderr]   config.status: creating Makefile
[INFO] [stderr]   config.status: creating jemalloc.pc
[INFO] [stderr]   config.status: creating doc/html.xsl
[INFO] [stderr]   config.status: creating doc/manpages.xsl
[INFO] [stderr]   config.status: creating doc/jemalloc.xml
[INFO] [stderr]   config.status: creating include/jemalloc/jemalloc_macros.h
[INFO] [stderr]   config.status: creating include/jemalloc/jemalloc_protos.h
[INFO] [stderr]   config.status: creating include/jemalloc/jemalloc_typedefs.h
[INFO] [stderr]   config.status: creating include/jemalloc/internal/jemalloc_preamble.h
[INFO] [stderr]   config.status: creating test/test.sh
[INFO] [stderr]   config.status: creating test/include/test/jemalloc_test.h
[INFO] [stderr]   config.status: creating config.stamp
[INFO] [stderr]   config.status: creating bin/jemalloc-config
[INFO] [stderr]   config.status: creating bin/jemalloc.sh
[INFO] [stderr]   config.status: creating bin/jeprof
[INFO] [stderr]   config.status: creating include/jemalloc/jemalloc_defs.h
[INFO] [stderr]   config.status: include/jemalloc/jemalloc_defs.h is unchanged
[INFO] [stderr]   config.status: creating include/jemalloc/internal/jemalloc_internal_defs.h
[INFO] [stderr]   config.status: include/jemalloc/internal/jemalloc_internal_defs.h is unchanged
[INFO] [stderr]   config.status: creating test/include/test/jemalloc_test_defs.h
[INFO] [stderr]   config.status: test/include/test/jemalloc_test_defs.h is unchanged
[INFO] [stderr]   config.status: executing include/jemalloc/internal/public_symbols.txt commands
[INFO] [stderr]   config.status: executing include/jemalloc/internal/private_symbols.awk commands
[INFO] [stderr]   config.status: executing include/jemalloc/internal/private_symbols_jet.awk commands
[INFO] [stderr]   config.status: executing include/jemalloc/internal/public_namespace.h commands
[INFO] [stderr]   config.status: executing include/jemalloc/internal/public_unnamespace.h commands
[INFO] [stderr]   config.status: executing include/jemalloc/internal/size_classes.h commands
[INFO] [stderr]   config.status: executing include/jemalloc/jemalloc_protos_jet.h commands
[INFO] [stderr]   config.status: executing include/jemalloc/jemalloc_rename.h commands
[INFO] [stderr]   config.status: executing include/jemalloc/jemalloc_mangle.h commands
[INFO] [stderr]   config.status: executing include/jemalloc/jemalloc_mangle_jet.h commands
[INFO] [stderr]   config.status: executing include/jemalloc/jemalloc.h commands
[INFO] [stderr]   ===============================================================================
[INFO] [stderr]   jemalloc version   : 0.0.0-0-g0000000000000000000000000000000000000000
[INFO] [stderr]   library revision   : 2
[INFO] [stderr] 
[INFO] [stderr]   CONFIG             : --disable-cxx --with-jemalloc-prefix=_rjem_ --with-private-namespace=_rjem_ --host=x86_64-unknown-linux-gnu --build=x86_64-unknown-linux-gnu --prefix=/opt/rustwide/target/debug/build/jemalloc-sys-ecc7f315cfc7e95a/out build_alias=x86_64-unknown-linux-gnu host_alias=x86_64-unknown-linux-gnu CC=cc 'CFLAGS=-O0 -ffunction-sections -fdata-sections -fPIC -g -fno-omit-frame-pointer -m64 -Wall' 'LDFLAGS=-O0 -ffunction-sections -fdata-sections -fPIC -g -fno-omit-frame-pointer -m64 -Wall' 'CPPFLAGS=-O0 -ffunction-sections -fdata-sections -fPIC -g -fno-omit-frame-pointer -m64 -Wall'
[INFO] [stderr]   CC                 : cc
[INFO] [stderr]   CONFIGURE_CFLAGS   : -std=gnu11 -Wall -Wsign-compare -Wundef -Wno-format-zero-length -pipe -g3 -fvisibility=hidden -O3 -funroll-loops
[INFO] [stderr]   SPECIFIED_CFLAGS   : -O0 -ffunction-sections -fdata-sections -fPIC -g -fno-omit-frame-pointer -m64 -Wall
[INFO] [stderr]   EXTRA_CFLAGS       : 
[INFO] [stderr]   CPPFLAGS           : -O0 -ffunction-sections -fdata-sections -fPIC -g -fno-omit-frame-pointer -m64 -Wall -D_GNU_SOURCE -D_REENTRANT
[INFO] [stderr]   CXX                : 
[INFO] [stderr]   CONFIGURE_CXXFLAGS : 
[INFO] [stderr]   SPECIFIED_CXXFLAGS : 
[INFO] [stderr]   EXTRA_CXXFLAGS     : 
[INFO] [stderr]   LDFLAGS            : -O0 -ffunction-sections -fdata-sections -fPIC -g -fno-omit-frame-pointer -m64 -Wall
[INFO] [stderr]   EXTRA_LDFLAGS      : 
[INFO] [stderr]   DSO_LDFLAGS        : -shared -Wl,-soname,$(@F)
[INFO] [stderr]   LIBS               : -lm  -lpthread -ldl
[INFO] [stderr]   RPATH_EXTRA        : 
[INFO] [stderr] 
[INFO] [stderr]   XSLTPROC           : false
[INFO] [stderr]   XSLROOT            : 
[INFO] [stderr] 
[INFO] [stderr]   PREFIX             : /opt/rustwide/target/debug/build/jemalloc-sys-ecc7f315cfc7e95a/out
[INFO] [stderr]   BINDIR             : /opt/rustwide/target/debug/build/jemalloc-sys-ecc7f315cfc7e95a/out/bin
[INFO] [stderr]   DATADIR            : /opt/rustwide/target/debug/build/jemalloc-sys-ecc7f315cfc7e95a/out/share
[INFO] [stderr]   INCLUDEDIR         : /opt/rustwide/target/debug/build/jemalloc-sys-ecc7f315cfc7e95a/out/include
[INFO] [stderr]   LIBDIR             : /opt/rustwide/target/debug/build/jemalloc-sys-ecc7f315cfc7e95a/out/lib
[INFO] [stderr]   MANDIR             : /opt/rustwide/target/debug/build/jemalloc-sys-ecc7f315cfc7e95a/out/share/man
[INFO] [stderr] 
[INFO] [stderr]   srcroot            : /opt/rustwide/target/debug/build/jemalloc-sys-ecc7f315cfc7e95a/out/jemalloc/
[INFO] [stderr]   abs_srcroot        : /opt/rustwide/target/debug/build/jemalloc-sys-ecc7f315cfc7e95a/out/jemalloc/
[INFO] [stderr]   objroot            : 
[INFO] [stderr]   abs_objroot        : /opt/rustwide/target/debug/build/jemalloc-sys-ecc7f315cfc7e95a/out/build/
[INFO] [stderr] 
[INFO] [stderr]   JEMALLOC_PREFIX    : _rjem_
[INFO] [stderr]   JEMALLOC_PRIVATE_NAMESPACE
[INFO] [stderr]                      : _rjem_je_
[INFO] [stderr]   install_suffix     : 
[INFO] [stderr]   malloc_conf        : 
[INFO] [stderr]   autogen            : 0
[INFO] [stderr]   debug              : 0
[INFO] [stderr]   stats              : 1
[INFO] [stderr]   prof               : 0
[INFO] [stderr]   prof-libunwind     : 0
[INFO] [stderr]   prof-libgcc        : 0
[INFO] [stderr]   prof-gcc           : 0
[INFO] [stderr]   fill               : 1
[INFO] [stderr]   utrace             : 0
[INFO] [stderr]   xmalloc            : 0
[INFO] [stderr]   log                : 0
[INFO] [stderr]   lazy_lock          : 0
[INFO] [stderr]   cache-oblivious    : 1
[INFO] [stderr]   cxx                : 0
[INFO] [stderr]   ===============================================================================
[INFO] [stderr]   running: "make" "srcroot=../jemalloc/" "-j" "14"
[INFO] [stderr]   cc -std=gnu11 -Wall -Wsign-compare -Wundef -Wno-format-zero-length -pipe -g3 -fvisibility=hidden -O3 -funroll-loops -O0 -ffunction-sections -fdata-sections -fPIC -g -fno-omit-frame-pointer -m64 -Wall -fPIC -DPIC -c -O0 -ffunction-sections -fdata-sections -fPIC -g -fno-omit-frame-pointer -m64 -Wall -D_GNU_SOURCE -D_REENTRANT -Iinclude -I../jemalloc/include -DJEMALLOC_NO_PRIVATE_NAMESPACE -o src/jemalloc.sym.o ../jemalloc/src/jemalloc.c
[INFO] [stderr]   cc -std=gnu11 -Wall -Wsign-compare -Wundef -Wno-format-zero-length -pipe -g3 -fvisibility=hidden -O3 -funroll-loops -O0 -ffunction-sections -fdata-sections -fPIC -g -fno-omit-frame-pointer -m64 -Wall -fPIC -DPIC -c -O0 -ffunction-sections -fdata-sections -fPIC -g -fno-omit-frame-pointer -m64 -Wall -D_GNU_SOURCE -D_REENTRANT -Iinclude -I../jemalloc/include -DJEMALLOC_NO_PRIVATE_NAMESPACE -o src/arena.sym.o ../jemalloc/src/arena.c
[INFO] [stderr]   cc -std=gnu11 -Wall -Wsign-compare -Wundef -Wno-format-zero-length -pipe -g3 -fvisibility=hidden -O3 -funroll-loops -O0 -ffunction-sections -fdata-sections -fPIC -g -fno-omit-frame-pointer -m64 -Wall -fPIC -DPIC -c -O0 -ffunction-sections -fdata-sections -fPIC -g -fno-omit-frame-pointer -m64 -Wall -D_GNU_SOURCE -D_REENTRANT -Iinclude -I../jemalloc/include -DJEMALLOC_NO_PRIVATE_NAMESPACE -o src/background_thread.sym.o ../jemalloc/src/background_thread.c
[INFO] [stderr]   cc -std=gnu11 -Wall -Wsign-compare -Wundef -Wno-format-zero-length -pipe -g3 -fvisibility=hidden -O3 -funroll-loops -O0 -ffunction-sections -fdata-sections -fPIC -g -fno-omit-frame-pointer -m64 -Wall -fPIC -DPIC -c -O0 -ffunction-sections -fdata-sections -fPIC -g -fno-omit-frame-pointer -m64 -Wall -D_GNU_SOURCE -D_REENTRANT -Iinclude -I../jemalloc/include -DJEMALLOC_NO_PRIVATE_NAMESPACE -o src/base.sym.o ../jemalloc/src/base.c
[INFO] [stderr]   cc -std=gnu11 -Wall -Wsign-compare -Wundef -Wno-format-zero-length -pipe -g3 -fvisibility=hidden -O3 -funroll-loops -O0 -ffunction-sections -fdata-sections -fPIC -g -fno-omit-frame-pointer -m64 -Wall -fPIC -DPIC -c -O0 -ffunction-sections -fdata-sections -fPIC -g -fno-omit-frame-pointer -m64 -Wall -D_GNU_SOURCE -D_REENTRANT -Iinclude -I../jemalloc/include -DJEMALLOC_NO_PRIVATE_NAMESPACE -o src/bin.sym.o ../jemalloc/src/bin.c
[INFO] [stderr]   cc -std=gnu11 -Wall -Wsign-compare -Wundef -Wno-format-zero-length -pipe -g3 -fvisibility=hidden -O3 -funroll-loops -O0 -ffunction-sections -fdata-sections -fPIC -g -fno-omit-frame-pointer -m64 -Wall -fPIC -DPIC -c -O0 -ffunction-sections -fdata-sections -fPIC -g -fno-omit-frame-pointer -m64 -Wall -D_GNU_SOURCE -D_REENTRANT -Iinclude -I../jemalloc/include -DJEMALLOC_NO_PRIVATE_NAMESPACE -o src/bitmap.sym.o ../jemalloc/src/bitmap.c
[INFO] [stderr]   cc -std=gnu11 -Wall -Wsign-compare -Wundef -Wno-format-zero-length -pipe -g3 -fvisibility=hidden -O3 -funroll-loops -O0 -ffunction-sections -fdata-sections -fPIC -g -fno-omit-frame-pointer -m64 -Wall -fPIC -DPIC -c -O0 -ffunction-sections -fdata-sections -fPIC -g -fno-omit-frame-pointer -m64 -Wall -D_GNU_SOURCE -D_REENTRANT -Iinclude -I../jemalloc/include -DJEMALLOC_NO_PRIVATE_NAMESPACE -o src/ckh.sym.o ../jemalloc/src/ckh.c
[INFO] [stderr]   cc -std=gnu11 -Wall -Wsign-compare -Wundef -Wno-format-zero-length -pipe -g3 -fvisibility=hidden -O3 -funroll-loops -O0 -ffunction-sections -fdata-sections -fPIC -g -fno-omit-frame-pointer -m64 -Wall -fPIC -DPIC -c -O0 -ffunction-sections -fdata-sections -fPIC -g -fno-omit-frame-pointer -m64 -Wall -D_GNU_SOURCE -D_REENTRANT -Iinclude -I../jemalloc/include -DJEMALLOC_NO_PRIVATE_NAMESPACE -o src/ctl.sym.o ../jemalloc/src/ctl.c
[INFO] [stderr]   cc -std=gnu11 -Wall -Wsign-compare -Wundef -Wno-format-zero-length -pipe -g3 -fvisibility=hidden -O3 -funroll-loops -O0 -ffunction-sections -fdata-sections -fPIC -g -fno-omit-frame-pointer -m64 -Wall -fPIC -DPIC -c -O0 -ffunction-sections -fdata-sections -fPIC -g -fno-omit-frame-pointer -m64 -Wall -D_GNU_SOURCE -D_REENTRANT -Iinclude -I../jemalloc/include -DJEMALLOC_NO_PRIVATE_NAMESPACE -o src/div.sym.o ../jemalloc/src/div.c
[INFO] [stderr]   cc -std=gnu11 -Wall -Wsign-compare -Wundef -Wno-format-zero-length -pipe -g3 -fvisibility=hidden -O3 -funroll-loops -O0 -ffunction-sections -fdata-sections -fPIC -g -fno-omit-frame-pointer -m64 -Wall -fPIC -DPIC -c -O0 -ffunction-sections -fdata-sections -fPIC -g -fno-omit-frame-pointer -m64 -Wall -D_GNU_SOURCE -D_REENTRANT -Iinclude -I../jemalloc/include -DJEMALLOC_NO_PRIVATE_NAMESPACE -o src/extent.sym.o ../jemalloc/src/extent.c
[INFO] [stderr]   cc -std=gnu11 -Wall -Wsign-compare -Wundef -Wno-format-zero-length -pipe -g3 -fvisibility=hidden -O3 -funroll-loops -O0 -ffunction-sections -fdata-sections -fPIC -g -fno-omit-frame-pointer -m64 -Wall -fPIC -DPIC -c -O0 -ffunction-sections -fdata-sections -fPIC -g -fno-omit-frame-pointer -m64 -Wall -D_GNU_SOURCE -D_REENTRANT -Iinclude -I../jemalloc/include -DJEMALLOC_NO_PRIVATE_NAMESPACE -o src/extent_dss.sym.o ../jemalloc/src/extent_dss.c
[INFO] [stderr]   cc -std=gnu11 -Wall -Wsign-compare -Wundef -Wno-format-zero-length -pipe -g3 -fvisibility=hidden -O3 -funroll-loops -O0 -ffunction-sections -fdata-sections -fPIC -g -fno-omit-frame-pointer -m64 -Wall -fPIC -DPIC -c -O0 -ffunction-sections -fdata-sections -fPIC -g -fno-omit-frame-pointer -m64 -Wall -D_GNU_SOURCE -D_REENTRANT -Iinclude -I../jemalloc/include -DJEMALLOC_NO_PRIVATE_NAMESPACE -o src/extent_mmap.sym.o ../jemalloc/src/extent_mmap.c
[INFO] [stderr]   cc -std=gnu11 -Wall -Wsign-compare -Wundef -Wno-format-zero-length -pipe -g3 -fvisibility=hidden -O3 -funroll-loops -O0 -ffunction-sections -fdata-sections -fPIC -g -fno-omit-frame-pointer -m64 -Wall -fPIC -DPIC -c -O0 -ffunction-sections -fdata-sections -fPIC -g -fno-omit-frame-pointer -m64 -Wall -D_GNU_SOURCE -D_REENTRANT -Iinclude -I../jemalloc/include -DJEMALLOC_NO_PRIVATE_NAMESPACE -o src/hash.sym.o ../jemalloc/src/hash.c
[INFO] [stderr]   cc -std=gnu11 -Wall -Wsign-compare -Wundef -Wno-format-zero-length -pipe -g3 -fvisibility=hidden -O3 -funroll-loops -O0 -ffunction-sections -fdata-sections -fPIC -g -fno-omit-frame-pointer -m64 -Wall -fPIC -DPIC -c -O0 -ffunction-sections -fdata-sections -fPIC -g -fno-omit-frame-pointer -m64 -Wall -D_GNU_SOURCE -D_REENTRANT -Iinclude -I../jemalloc/include -DJEMALLOC_NO_PRIVATE_NAMESPACE -o src/hooks.sym.o ../jemalloc/src/hooks.c
[INFO] [stderr]   cc -std=gnu11 -Wall -Wsign-compare -Wundef -Wno-format-zero-length -pipe -g3 -fvisibility=hidden -O3 -funroll-loops -O0 -ffunction-sections -fdata-sections -fPIC -g -fno-omit-frame-pointer -m64 -Wall -fPIC -DPIC -c -O0 -ffunction-sections -fdata-sections -fPIC -g -fno-omit-frame-pointer -m64 -Wall -D_GNU_SOURCE -D_REENTRANT -Iinclude -I../jemalloc/include -DJEMALLOC_NO_PRIVATE_NAMESPACE -o src/large.sym.o ../jemalloc/src/large.c
[INFO] [stderr]   cc -std=gnu11 -Wall -Wsign-compare -Wundef -Wno-format-zero-length -pipe -g3 -fvisibility=hidden -O3 -funroll-loops -O0 -ffunction-sections -fdata-sections -fPIC -g -fno-omit-frame-pointer -m64 -Wall -fPIC -DPIC -c -O0 -ffunction-sections -fdata-sections -fPIC -g -fno-omit-frame-pointer -m64 -Wall -D_GNU_SOURCE -D_REENTRANT -Iinclude -I../jemalloc/include -DJEMALLOC_NO_PRIVATE_NAMESPACE -o src/log.sym.o ../jemalloc/src/log.c
[INFO] [stderr]   cc -std=gnu11 -Wall -Wsign-compare -Wundef -Wno-format-zero-length -pipe -g3 -fvisibility=hidden -O3 -funroll-loops -O0 -ffunction-sections -fdata-sections -fPIC -g -fno-omit-frame-pointer -m64 -Wall -fPIC -DPIC -c -O0 -ffunction-sections -fdata-sections -fPIC -g -fno-omit-frame-pointer -m64 -Wall -D_GNU_SOURCE -D_REENTRANT -Iinclude -I../jemalloc/include -DJEMALLOC_NO_PRIVATE_NAMESPACE -o src/malloc_io.sym.o ../jemalloc/src/malloc_io.c
[INFO] [stderr]   cc -std=gnu11 -Wall -Wsign-compare -Wundef -Wno-format-zero-length -pipe -g3 -fvisibility=hidden -O3 -funroll-loops -O0 -ffunction-sections -fdata-sections -fPIC -g -fno-omit-frame-pointer -m64 -Wall -fPIC -DPIC -c -O0 -ffunction-sections -fdata-sections -fPIC -g -fno-omit-frame-pointer -m64 -Wall -D_GNU_SOURCE -D_REENTRANT -Iinclude -I../jemalloc/include -DJEMALLOC_NO_PRIVATE_NAMESPACE -o src/mutex.sym.o ../jemalloc/src/mutex.c
[INFO] [stderr]   cc -std=gnu11 -Wall -Wsign-compare -Wundef -Wno-format-zero-length -pipe -g3 -fvisibility=hidden -O3 -funroll-loops -O0 -ffunction-sections -fdata-sections -fPIC -g -fno-omit-frame-pointer -m64 -Wall -fPIC -DPIC -c -O0 -ffunction-sections -fdata-sections -fPIC -g -fno-omit-frame-pointer -m64 -Wall -D_GNU_SOURCE -D_REENTRANT -Iinclude -I../jemalloc/include -DJEMALLOC_NO_PRIVATE_NAMESPACE -o src/mutex_pool.sym.o ../jemalloc/src/mutex_pool.c
[INFO] [stderr]   cc -std=gnu11 -Wall -Wsign-compare -Wundef -Wno-format-zero-length -pipe -g3 -fvisibility=hidden -O3 -funroll-loops -O0 -ffunction-sections -fdata-sections -fPIC -g -fno-omit-frame-pointer -m64 -Wall -fPIC -DPIC -c -O0 -ffunction-sections -fdata-sections -fPIC -g -fno-omit-frame-pointer -m64 -Wall -D_GNU_SOURCE -D_REENTRANT -Iinclude -I../jemalloc/include -DJEMALLOC_NO_PRIVATE_NAMESPACE -o src/nstime.sym.o ../jemalloc/src/nstime.c
[INFO] [stderr]   cc -std=gnu11 -Wall -Wsign-compare -Wundef -Wno-format-zero-length -pipe -g3 -fvisibility=hidden -O3 -funroll-loops -O0 -ffunction-sections -fdata-sections -fPIC -g -fno-omit-frame-pointer -m64 -Wall -fPIC -DPIC -c -O0 -ffunction-sections -fdata-sections -fPIC -g -fno-omit-frame-pointer -m64 -Wall -D_GNU_SOURCE -D_REENTRANT -Iinclude -I../jemalloc/include -DJEMALLOC_NO_PRIVATE_NAMESPACE -o src/pages.sym.o ../jemalloc/src/pages.c
[INFO] [stderr]   cc -std=gnu11 -Wall -Wsign-compare -Wundef -Wno-format-zero-length -pipe -g3 -fvisibility=hidden -O3 -funroll-loops -O0 -ffunction-sections -fdata-sections -fPIC -g -fno-omit-frame-pointer -m64 -Wall -fPIC -DPIC -c -O0 -ffunction-sections -fdata-sections -fPIC -g -fno-omit-frame-pointer -m64 -Wall -D_GNU_SOURCE -D_REENTRANT -Iinclude -I../jemalloc/include -DJEMALLOC_NO_PRIVATE_NAMESPACE -o src/prng.sym.o ../jemalloc/src/prng.c
[INFO] [stderr]   cc -std=gnu11 -Wall -Wsign-compare -Wundef -Wno-format-zero-length -pipe -g3 -fvisibility=hidden -O3 -funroll-loops -O0 -ffunction-sections -fdata-sections -fPIC -g -fno-omit-frame-pointer -m64 -Wall -fPIC -DPIC -c -O0 -ffunction-sections -fdata-sections -fPIC -g -fno-omit-frame-pointer -m64 -Wall -D_GNU_SOURCE -D_REENTRANT -Iinclude -I../jemalloc/include -DJEMALLOC_NO_PRIVATE_NAMESPACE -o src/prof.sym.o ../jemalloc/src/prof.c
[INFO] [stderr]   cc -std=gnu11 -Wall -Wsign-compare -Wundef -Wno-format-zero-length -pipe -g3 -fvisibility=hidden -O3 -funroll-loops -O0 -ffunction-sections -fdata-sections -fPIC -g -fno-omit-frame-pointer -m64 -Wall -fPIC -DPIC -c -O0 -ffunction-sections -fdata-sections -fPIC -g -fno-omit-frame-pointer -m64 -Wall -D_GNU_SOURCE -D_REENTRANT -Iinclude -I../jemalloc/include -DJEMALLOC_NO_PRIVATE_NAMESPACE -o src/rtree.sym.o ../jemalloc/src/rtree.c
[INFO] [stderr]   cc -std=gnu11 -Wall -Wsign-compare -Wundef -Wno-format-zero-length -pipe -g3 -fvisibility=hidden -O3 -funroll-loops -O0 -ffunction-sections -fdata-sections -fPIC -g -fno-omit-frame-pointer -m64 -Wall -fPIC -DPIC -c -O0 -ffunction-sections -fdata-sections -fPIC -g -fno-omit-frame-pointer -m64 -Wall -D_GNU_SOURCE -D_REENTRANT -Iinclude -I../jemalloc/include -DJEMALLOC_NO_PRIVATE_NAMESPACE -o src/stats.sym.o ../jemalloc/src/stats.c
[INFO] [stderr]   cc -std=gnu11 -Wall -Wsign-compare -Wundef -Wno-format-zero-length -pipe -g3 -fvisibility=hidden -O3 -funroll-loops -O0 -ffunction-sections -fdata-sections -fPIC -g -fno-omit-frame-pointer -m64 -Wall -fPIC -DPIC -c -O0 -ffunction-sections -fdata-sections -fPIC -g -fno-omit-frame-pointer -m64 -Wall -D_GNU_SOURCE -D_REENTRANT -Iinclude -I../jemalloc/include -DJEMALLOC_NO_PRIVATE_NAMESPACE -o src/sz.sym.o ../jemalloc/src/sz.c
[INFO] [stderr]   cc -std=gnu11 -Wall -Wsign-compare -Wundef -Wno-format-zero-length -pipe -g3 -fvisibility=hidden -O3 -funroll-loops -O0 -ffunction-sections -fdata-sections -fPIC -g -fno-omit-frame-pointer -m64 -Wall -fPIC -DPIC -c -O0 -ffunction-sections -fdata-sections -fPIC -g -fno-omit-frame-pointer -m64 -Wall -D_GNU_SOURCE -D_REENTRANT -Iinclude -I../jemalloc/include -DJEMALLOC_NO_PRIVATE_NAMESPACE -o src/tcache.sym.o ../jemalloc/src/tcache.c
[INFO] [stderr]   cc -std=gnu11 -Wall -Wsign-compare -Wundef -Wno-format-zero-length -pipe -g3 -fvisibility=hidden -O3 -funroll-loops -O0 -ffunction-sections -fdata-sections -fPIC -g -fno-omit-frame-pointer -m64 -Wall -fPIC -DPIC -c -O0 -ffunction-sections -fdata-sections -fPIC -g -fno-omit-frame-pointer -m64 -Wall -D_GNU_SOURCE -D_REENTRANT -Iinclude -I../jemalloc/include -DJEMALLOC_NO_PRIVATE_NAMESPACE -o src/ticker.sym.o ../jemalloc/src/ticker.c
[INFO] [stderr]   cc -std=gnu11 -Wall -Wsign-compare -Wundef -Wno-format-zero-length -pipe -g3 -fvisibility=hidden -O3 -funroll-loops -O0 -ffunction-sections -fdata-sections -fPIC -g -fno-omit-frame-pointer -m64 -Wall -fPIC -DPIC -c -O0 -ffunction-sections -fdata-sections -fPIC -g -fno-omit-frame-pointer -m64 -Wall -D_GNU_SOURCE -D_REENTRANT -Iinclude -I../jemalloc/include -DJEMALLOC_NO_PRIVATE_NAMESPACE -o src/tsd.sym.o ../jemalloc/src/tsd.c
[INFO] [stderr]   cc -std=gnu11 -Wall -Wsign-compare -Wundef -Wno-format-zero-length -pipe -g3 -fvisibility=hidden -O3 -funroll-loops -O0 -ffunction-sections -fdata-sections -fPIC -g -fno-omit-frame-pointer -m64 -Wall -fPIC -DPIC -c -O0 -ffunction-sections -fdata-sections -fPIC -g -fno-omit-frame-pointer -m64 -Wall -D_GNU_SOURCE -D_REENTRANT -Iinclude -I../jemalloc/include -DJEMALLOC_NO_PRIVATE_NAMESPACE -o src/witness.sym.o ../jemalloc/src/witness.c
[INFO] [stderr]   nm -a src/background_thread.sym.o | mawk -f include/jemalloc/internal/private_symbols.awk > src/background_thread.sym
[INFO] [stderr]   nm -a src/base.sym.o | mawk -f include/jemalloc/internal/private_symbols.awk > src/base.sym
[INFO] [stderr]   nm -a src/bin.sym.o | mawk -f include/jemalloc/internal/private_symbols.awk > src/bin.sym
[INFO] [stderr]   nm -a src/bitmap.sym.o | mawk -f include/jemalloc/internal/private_symbols.awk > src/bitmap.sym
[INFO] [stderr]   nm -a src/div.sym.o | mawk -f include/jemalloc/internal/private_symbols.awk > src/div.sym
[INFO] [stderr]   nm -a src/extent_dss.sym.o | mawk -f include/jemalloc/internal/private_symbols.awk > src/extent_dss.sym
[INFO] [stderr]   nm -a src/extent_mmap.sym.o | mawk -f include/jemalloc/internal/private_symbols.awk > src/extent_mmap.sym
[INFO] [stderr]   nm -a src/hash.sym.o | mawk -f include/jemalloc/internal/private_symbols.awk > src/hash.sym
[INFO] [stderr]   nm -a src/hooks.sym.o | mawk -f include/jemalloc/internal/private_symbols.awk > src/hooks.sym
[INFO] [stderr]   nm -a src/log.sym.o | mawk -f include/jemalloc/internal/private_symbols.awk > src/log.sym
[INFO] [stderr]   nm -a src/malloc_io.sym.o | mawk -f include/jemalloc/internal/private_symbols.awk > src/malloc_io.sym
[INFO] [stderr]   nm -a src/mutex.sym.o | mawk -f include/jemalloc/internal/private_symbols.awk > src/mutex.sym
[INFO] [stderr]   nm -a src/mutex_pool.sym.o | mawk -f include/jemalloc/internal/private_symbols.awk > src/mutex_pool.sym
[INFO] [stderr]   nm -a src/nstime.sym.o | mawk -f include/jemalloc/internal/private_symbols.awk > src/nstime.sym
[INFO] [stderr]   nm -a src/pages.sym.o | mawk -f include/jemalloc/internal/private_symbols.awk > src/pages.sym
[INFO] [stderr]   nm -a src/prng.sym.o | mawk -f include/jemalloc/internal/private_symbols.awk > src/prng.sym
[INFO] [stderr]   nm -a src/sz.sym.o | mawk -f include/jemalloc/internal/private_symbols.awk > src/sz.sym
[INFO] [stderr]   nm -a src/ticker.sym.o | mawk -f include/jemalloc/internal/private_symbols.awk > src/ticker.sym
[INFO] [stderr]   nm -a src/tsd.sym.o | mawk -f include/jemalloc/internal/private_symbols.awk > src/tsd.sym
[INFO] [stderr]   nm -a src/witness.sym.o | mawk -f include/jemalloc/internal/private_symbols.awk > src/witness.sym
[INFO] [stderr]   nm -a src/rtree.sym.o | mawk -f include/jemalloc/internal/private_symbols.awk > src/rtree.sym
[INFO] [stderr]   nm -a src/large.sym.o | mawk -f include/jemalloc/internal/private_symbols.awk > src/large.sym
[INFO] [stderr]   nm -a src/stats.sym.o | mawk -f include/jemalloc/internal/private_symbols.awk > src/stats.sym
[INFO] [stderr]   nm -a src/extent.sym.o | mawk -f include/jemalloc/internal/private_symbols.awk > src/extent.sym
[INFO] [stderr]   nm -a src/ctl.sym.o | mawk -f include/jemalloc/internal/private_symbols.awk > src/ctl.sym
[INFO] [stderr]   nm -a src/arena.sym.o | mawk -f include/jemalloc/internal/private_symbols.awk > src/arena.sym
[INFO] [stderr]   nm -a src/ckh.sym.o | mawk -f include/jemalloc/internal/private_symbols.awk > src/ckh.sym
[INFO] [stderr]   nm -a src/tcache.sym.o | mawk -f include/jemalloc/internal/private_symbols.awk > src/tcache.sym
[INFO] [stderr] 
[INFO] [stderr]   --- stderr
[INFO] [stderr]   ../jemalloc/src/malloc_io.c: In function 'malloc_vsnprintf':
[INFO] [stderr]   ../jemalloc/src/malloc_io.c:369:2: warning: case label value exceeds maximum value for type
[INFO] [stderr]     369 |  case '?' | 0x80:      \
[INFO] [stderr]         |  ^~~~
[INFO] [stderr]   ../jemalloc/src/malloc_io.c:581:5: note: in expansion of macro 'GET_ARG_NUMERIC'
[INFO] [stderr]     581 |     GET_ARG_NUMERIC(val, 'p');
[INFO] [stderr]         |     ^~~~~~~~~~~~~~~
[INFO] [stderr]   ../jemalloc/src/malloc_io.c:387:2: warning: case label value exceeds maximum value for type
[INFO] [stderr]     387 |  case 'j' | 0x80:      \
[INFO] [stderr]         |  ^~~~
[INFO] [stderr]   ../jemalloc/src/malloc_io.c:581:5: note: in expansion of macro 'GET_ARG_NUMERIC'
[INFO] [stderr]     581 |     GET_ARG_NUMERIC(val, 'p');
[INFO] [stderr]         |     ^~~~~~~~~~~~~~~
[INFO] [stderr]   ../jemalloc/src/malloc_io.c:375:2: warning: case label value exceeds maximum value for type
[INFO] [stderr]     375 |  case 'l' | 0x80:      \
[INFO] [stderr]         |  ^~~~
[INFO] [stderr]   ../jemalloc/src/malloc_io.c:581:5: note: in expansion of macro 'GET_ARG_NUMERIC'
[INFO] [stderr]     581 |     GET_ARG_NUMERIC(val, 'p');
[INFO] [stderr]         |     ^~~~~~~~~~~~~~~
[INFO] [stderr]   ../jemalloc/src/malloc_io.c:381:2: warning: case label value exceeds maximum value for type
[INFO] [stderr]     381 |  case 'q' | 0x80:      \
[INFO] [stderr]         |  ^~~~
[INFO] [stderr]   ../jemalloc/src/malloc_io.c:581:5: note: in expansion of macro 'GET_ARG_NUMERIC'
[INFO] [stderr]     581 |     GET_ARG_NUMERIC(val, 'p');
[INFO] [stderr]         |     ^~~~~~~~~~~~~~~
[INFO] [stderr]   ../jemalloc/src/malloc_io.c:396:2: warning: case label value exceeds maximum value for type
[INFO] [stderr]     396 |  case 'z' | 0x80:      \
[INFO] [stderr]         |  ^~~~
[INFO] [stderr]   ../jemalloc/src/malloc_io.c:581:5: note: in expansion of macro 'GET_ARG_NUMERIC'
[INFO] [stderr]     581 |     GET_ARG_NUMERIC(val, 'p');
[INFO] [stderr]         |     ^~~~~~~~~~~~~~~
[INFO] [stderr]   cc: fatal error: Killed signal terminated program cc1
[INFO] [stderr]   compilation terminated.
[INFO] [stderr]   make: *** [Makefile:349: src/jemalloc.sym.o] Error 1
[INFO] [stderr]   make: *** Waiting for unfinished jobs....
[INFO] [stderr]   thread 'main' panicked at 'command did not execute successfully: "make" "srcroot=../jemalloc/" "-j" "14"
[INFO] [stderr]   expected success, got: exit code: 2', /opt/rustwide/cargo-home/registry/src/github.com-1ecc6299db9ec823/jemalloc-sys-0.3.2/build.rs:392:9
[INFO] [stderr]   stack backtrace:
[INFO] [stderr]      0:     0x5563fd8198b0 - std::backtrace_rs::backtrace::libunwind::trace::h452faf99f32e7c93
[INFO] [stderr]                                  at /rustc/af3c6e733a40e671550e0f0f5aeecaa13772ba56/library/std/src/../../backtrace/src/backtrace/libunwind.rs:96
[INFO] [stderr]      1:     0x5563fd8198b0 - std::backtrace_rs::backtrace::trace_unsynchronized::he40edc71437667a1
[INFO] [stderr]                                  at /rustc/af3c6e733a40e671550e0f0f5aeecaa13772ba56/library/std/src/../../backtrace/src/backtrace/mod.rs:66
[INFO] [stderr]      2:     0x5563fd8198b0 - std::sys_common::backtrace::_print_fmt::h6c51d6ade71f46bf
[INFO] [stderr]                                  at /rustc/af3c6e733a40e671550e0f0f5aeecaa13772ba56/library/std/src/sys_common/backtrace.rs:79
[INFO] [stderr]      3:     0x5563fd8198b0 - <std::sys_common::backtrace::_print::DisplayBacktrace as core::fmt::Display>::fmt::h3cd15d7003dec37a
[INFO] [stderr]                                  at /rustc/af3c6e733a40e671550e0f0f5aeecaa13772ba56/library/std/src/sys_common/backtrace.rs:58
[INFO] [stderr]      4:     0x5563fd83900c - core::fmt::write::h1857a60b204f1b6a
[INFO] [stderr]                                  at /rustc/af3c6e733a40e671550e0f0f5aeecaa13772ba56/library/core/src/fmt/mod.rs:1080
[INFO] [stderr]      5:     0x5563fd816227 - std::io::Write::write_fmt::hac61caff894c35ae
[INFO] [stderr]                                  at /rustc/af3c6e733a40e671550e0f0f5aeecaa13772ba56/library/std/src/io/mod.rs:1517
[INFO] [stderr]      6:     0x5563fd81c060 - std::sys_common::backtrace::_print::haa2f390fb7957e3e
[INFO] [stderr]                                  at /rustc/af3c6e733a40e671550e0f0f5aeecaa13772ba56/library/std/src/sys_common/backtrace.rs:61
[INFO] [stderr]      7:     0x5563fd81c060 - std::sys_common::backtrace::print::h48c7cbbad9013bb1
[INFO] [stderr]                                  at /rustc/af3c6e733a40e671550e0f0f5aeecaa13772ba56/library/std/src/sys_common/backtrace.rs:48
[INFO] [stderr]      8:     0x5563fd81c060 - std::panicking::default_hook::{{closure}}::h8b7ff05a31e71d55
[INFO] [stderr]                                  at /rustc/af3c6e733a40e671550e0f0f5aeecaa13772ba56/library/std/src/panicking.rs:208
[INFO] [stderr]      9:     0x5563fd81bdac - std::panicking::default_hook::h2f00c78800d98e4c
[INFO] [stderr]                                  at /rustc/af3c6e733a40e671550e0f0f5aeecaa13772ba56/library/std/src/panicking.rs:227
[INFO] [stderr]     10:     0x5563fd81c6c3 - std::panicking::rust_panic_with_hook::h4eaa635e4694aef3
[INFO] [stderr]                                  at /rustc/af3c6e733a40e671550e0f0f5aeecaa13772ba56/library/std/src/panicking.rs:577
[INFO] [stderr]     11:     0x5563fd81c299 - std::panicking::begin_panic_handler::{{closure}}::hec242f1b136b5ff2
[INFO] [stderr]                                  at /rustc/af3c6e733a40e671550e0f0f5aeecaa13772ba56/library/std/src/panicking.rs:484
[INFO] [stderr]     12:     0x5563fd819d1c - std::sys_common::backtrace::__rust_end_short_backtrace::h1f3cc383ee6c0374
[INFO] [stderr]                                  at /rustc/af3c6e733a40e671550e0f0f5aeecaa13772ba56/library/std/src/sys_common/backtrace.rs:153
[INFO] [stderr]     13:     0x5563fd81c259 - rust_begin_unwind
[INFO] [stderr]                                  at /rustc/af3c6e733a40e671550e0f0f5aeecaa13772ba56/library/std/src/panicking.rs:483
[INFO] [stderr]     14:     0x5563fd81c20b - std::panicking::begin_panic_fmt::hebfdcd945bbd27b1
[INFO] [stderr]                                  at /rustc/af3c6e733a40e671550e0f0f5aeecaa13772ba56/library/std/src/panicking.rs:437
[INFO] [stderr]     15:     0x5563fd79ff14 - build_script_build::run::h5038f571d0538b23
[INFO] [stderr]                                  at /opt/rustwide/cargo-home/registry/src/github.com-1ecc6299db9ec823/jemalloc-sys-0.3.2/build.rs:392
[INFO] [stderr]     16:     0x5563fd79e7f7 - build_script_build::main::hf6d1a25aea9f6484
[INFO] [stderr]                                  at /opt/rustwide/cargo-home/registry/src/github.com-1ecc6299db9ec823/jemalloc-sys-0.3.2/build.rs:330
[INFO] [stderr]     17:     0x5563fd7a555b - core::ops::function::FnOnce::call_once::hfb27275b2a97b10a
[INFO] [stderr]                                  at /rustc/af3c6e733a40e671550e0f0f5aeecaa13772ba56/library/core/src/ops/function.rs:227
[INFO] [stderr]     18:     0x5563fd7a62ee - std::sys_common::backtrace::__rust_begin_short_backtrace::h279dcdac804dafba
[INFO] [stderr]                                  at /rustc/af3c6e733a40e671550e0f0f5aeecaa13772ba56/library/std/src/sys_common/backtrace.rs:137
[INFO] [stderr]     19:     0x5563fd7a5141 - std::rt::lang_start::{{closure}}::h68a44f3c8544deda
[INFO] [stderr]                                  at /rustc/af3c6e733a40e671550e0f0f5aeecaa13772ba56/library/std/src/rt.rs:66
[INFO] [stderr]     20:     0x5563fd81cac1 - core::ops::function::impls::<impl core::ops::function::FnOnce<A> for &F>::call_once::hecc21eb9018cc197
[INFO] [stderr]                                  at /rustc/af3c6e733a40e671550e0f0f5aeecaa13772ba56/library/core/src/ops/function.rs:259
[INFO] [stderr]     21:     0x5563fd81cac1 - std::panicking::try::do_call::h174ad655d084b5c7
[INFO] [stderr]                                  at /rustc/af3c6e733a40e671550e0f0f5aeecaa13772ba56/library/std/src/panicking.rs:381
[INFO] [stderr]     22:     0x5563fd81cac1 - std::panicking::try::h479e6054ce28de10
[INFO] [stderr]                                  at /rustc/af3c6e733a40e671550e0f0f5aeecaa13772ba56/library/std/src/panicking.rs:345
[INFO] [stderr]     23:     0x5563fd81cac1 - std::panic::catch_unwind::hb558ddea2b3e9c45
[INFO] [stderr]                                  at /rustc/af3c6e733a40e671550e0f0f5aeecaa13772ba56/library/std/src/panic.rs:382
[INFO] [stderr]     24:     0x5563fd81cac1 - std::rt::lang_start_internal::h163149047f0a8b61
[INFO] [stderr]                                  at /rustc/af3c6e733a40e671550e0f0f5aeecaa13772ba56/library/std/src/rt.rs:51
[INFO] [stderr]     25:     0x5563fd7a5117 - std::rt::lang_start::hfbb43c3dac27c542
[INFO] [stderr]                                  at /rustc/af3c6e733a40e671550e0f0f5aeecaa13772ba56/library/std/src/rt.rs:65
[INFO] [stderr]     26:     0x5563fd7a049a - main
[INFO] [stderr]     27:     0x7fd509a0d0b3 - __libc_start_main
[INFO] [stderr]     28:     0x5563fd79a0ce - _start
[INFO] [stderr]     29:                0x0 - <unknown>
[INFO] [stderr] warning: build failed, waiting for other jobs to finish...
[INFO] [stderr] error: build failed
[INFO] running `Command { std: "docker" "inspect" "02d01bb1684464dc528c24c790c9ea035b1843c6ea9fec20702956a28dc6cb5d", kill_on_drop: false }`
[INFO] running `Command { std: "docker" "rm" "-f" "02d01bb1684464dc528c24c790c9ea035b1843c6ea9fec20702956a28dc6cb5d", kill_on_drop: false }`
[INFO] [stdout] 02d01bb1684464dc528c24c790c9ea035b1843c6ea9fec20702956a28dc6cb5d
